s digit of b?
0
Suppose -i = -0*i + 3*y + 75, i = -2*y - 73. Let d = i + 123. Suppose -3*c + d = 3*j, -10 = c - 3*c. What is the tens digit of j?
1
Let k(i) be the third derivative of 17*i**4/24 + 362*i**3/3 - 46*i**2. What is the hundreds digit of k(0)?
7
What is the units digit of (-31)/((-372)/220032) + 11?
7
Suppose 10*m = 498 - 7238. Let k = -234 - m. What is the hundreds digit of k?
4
Suppose 395*u = 406*u - 284581. What is the tens digit of u?
7
Let w = 7 + -15. Let s(h) = 3*h**3 - 19*h**2 - 3*h - 12. Let y be s(w). What is the units digit of (y/(-16) - -3) + 1/(-4)?
4
Let r(s) be the third derivative of 7*s**4/3 - 38*s**3/3 + 5*s**2 + 8*s. What is the tens digit of r(27)?
3
Let v = 26 - 18. Suppose -2*i = -2, -3*i = -v*z + 3*z + 387. Suppose -3*m = -2*u + 166, 3*u = 2*m + 171 + z. What is the units digit of u?
3
Let l be (495/20)/(7/644). Let k = l - 1501. What is the hundreds digit of k?
7
What is the units digit of (-5648)/(-1) - ((-80)/(-100))/(6/15)?
6
Let a be (-16)/(-6)*(6/4 - 0). Suppose a*c = c + 9. What is the units digit of 969/9 + c/9?
8
Suppose -960*g + 956*g + 43712 = -2*p, -p + 54619 = 5*g. What is the hundreds digit of g?
9
Let p = -1 + 15. Suppose 11*g = p*g - 3. Suppose -5*c = 4*b - 53, 5 = 3*b - g. What is the units digit of c?
9
Suppose 1673 = 3*o + 2*d - 6223, -5*o + 6*d + 13216 = 0. What is the thousands digit of o?
2
What is the tens digit of (6/4)/((-1509390)/2767336 - 180/(-330))?
9
Suppose -4*a = -3*x + 5 - 15, a = -4*x + 12. Suppose -7851 = -5*c - v, -v = -x*c + v + 3150. What is the thousands digit of c?
1
Let d be (-8074)/(-12) + 13/78. Suppose -5*o + d = f, -5*o = -1 - 19. What is the units digit of f?
3
Let n = 2236 + 4088. What is the thousands digit of n?
6
Suppose -5*c + 7727 = x - 10554, -3*c + 91383 = 5*x. What is the ten thousands digit of x?
1
Suppose 5*z + c = -2*c + 9000, -2*z = -3*c - 3600. Suppose -z + 258 = -3*q. What is the hundreds digit of q?
5
Suppose -197*f - 10571 = -198*f + r, 31681 = 3*f + 5*r. What is the thousands digit of f?
0
Let h be ((-1)/(-2))/(5/90). Suppose -h*c + 860 = -3406. What is the tens digit of (8/(-12))/((-4)/c)?
7
Let w(h) = h**2 + 9667. Let y be w(0). Suppose -14*q + y = -7*q. What is the units digit of q?
1
Let r be 1/((-126)/(-62) - 2). Let a(i) = 0*i**3 - i**3 - r*i**2 + 16*i + 23*i**2 - 12 - 1. What is the units digit of a(-11)?
4
Suppose 29*u + 71 + 248 = 0. Let l(v) = 40*v. Let o be l(1). Let j = u + o. What is the tens digit of j?
2
Suppose -15 = 3*y, -1579*y + 1574*y = -4*m + 300677. What is the ten thousands digit of m?
7
Let o(t) = 4*t**3 + t**2 - 4*t. Suppose 5*v = 5*i + v - 5, 3*i - 3*v - 6 = 0. Let u be o(i). Let z = u - -154. What is the tens digit of z?
6
Suppose 3*c - 7*c + 3*t + 29901 = 0, -2*c = 2*t - 14968. Suppose 7549 + c = 17*u. What is the hundreds digit of u?
8
Suppose -k + t = -66, 10 + 5 = -5*t. Let g = 549 + k. What is the tens digit of g?
1
What is the units digit of 42/9 + -5 + 1453435/93?
8
Let i = -5986 + 10147. What is the hundreds digit of i?
1
Suppose 0 = -5*j + w + 5125, 2*w - 170 = -j + 866. Suppose -2*t + 44 + j = -o, 2674 = 5*t - 3*o. What is the hundreds digit of t?
5
Let x(c) = c**3 + 123*c**2 - 10*c + 39 - 107*c**2 - 14*c. What is the tens digit of x(-13)?
5
Let m be (-9)/18*274/1. What is the tens digit of -5*m/(-10)*(-16)/2?
4
Suppose 4*j - 37224 = -4*g, -4*j - 8*g + 16*g = -37272. What is the thousands digit of j?
9
Let u be ((-16 + 4)/(-4))/((-15)/(-80)). Suppose -2*l - 2730 = -u*l. What is the tens digit of l?
9
Let l = 16 + 26. Let c = l - 39. Suppose 6*o + c*h = o + 270, 2*h = 2*o - 124. What is the units digit of o?
7
Let b(n) = -3*n**3 - 5*n**2 + 2*n + 2. Let r be b(-2). Let q = 7 - 5. What is the tens digit of 2 + 84 - (q + r)?
8
Let w = 42783 - 23642. What is the units digit of w?
1
Let c(o) = 13*o + 85. Let p be 19/(-171) + 190/9. What is the tens digit of c(p)?
5
Let x(r) = -r**2 - 3*r + 20. Let b be x(-6). Suppose 0 = -s - b*s + 405. What is the hundreds digit of s?
1
Let a = -40 - -1195. What is the hundreds digit of (a/(-70))/((-3)/128)?
7
Suppose -15*y + 136202 - 22849 = -118787. What is the thousands digit of y?
5
Let c(a) = -3*a - 8. Let w be c(-6). Suppose -w*o + 632 = -78. What is the tens digit of o?
7
Suppose 471661 - 180584 + 1869760 = 37*z. What is the tens digit of z?
0
Let l be ((-12)/(-4) + -3)/1. Suppose l*p + 4*p + 992 = 0. What is the tens digit of 0 + p/(-2 - 2)?
6
Let z be 4 + (-19*2 - (-96)/24). What is the units digit of z/8*(-808)/6?
5
Let s be 1/(((-2)/8)/1) - -3. Let t be (((-1)/2)/s)/((-27)/(-54)). What is the tens digit of t*-4*111/(-6)?
7
Let k(g) = 9*g - 10. Suppose 29*d = 32*d - 9. Suppose -d*y = 14*y - 153. What is the tens digit of k(y)?
7
Let l = 170 - 171. Let k(a) = -573*a**3 - 5*a**2 - 6*a. What is the hundreds digit of k(l)?
5
Let q = 12171 + 67465. What is the tens digit of q?
3
Suppose 5*x - 109*f - 23964 = -112*f, x + 4*f - 4803 = 0. What is the units digit of x?
1
Let i(u) = -u**3 + 7*u**2 + 4. Let b be i(7). Suppose 5*w + b*h = 1476, 2*w + h - 592 = -h. Suppose 11*q - 9*q = w. What is the units digit of q?
6
Suppose 3*x + 3*b = 16123 - 6343, -3*x - 2*b + 9783 = 0. What is the hundreds digit of x?
2
Let a(i) = i**3 - 2 + 3 - 14*i - 3 - 13*i**2 + 3. Let f be a(14). Suppose 67 = -2*c + 3*c - 4*b, 0 = b + f. What is the units digit of c?
3
Let x(g) = -g**2 + 535*g + 3184. What is the tens digit of x(144)?
8
Let i(q) = -14*q - 4. Let k be i(-1). Let n = 13 - k. Let l = n + 21. What is the units digit of l?
4
Suppose -5*q - 6 - 34 = z, 3*z = -2*q - 29. Let j be (-57)/(-133) - 1082/q. Suppose 0 = -c + j + 56. What is the tens digit of c?
1
Let a = 4973 + -2722. What is the hundreds digit of a?
2
Let x(n) = 8*n**3 + n**2 + 3*n + 1. Suppose 3*h + 3 = -4*o, 0 = 3*h - 8*h - 2*o + 9. What is the units digit of x(h)?
5
What is the hundreds digit of 25 + (-1557)/63 - 4/14*-7181?
0
Suppose 92*c - 95*c = -15. Let o(x) = -x**3 - 9*x**2 - 5*x + 8. Let l be o(-9). Suppose 2*z = -z - 2*m + l, -c*z + 89 = 3*m. What is the units digit of z?
9
Let f be (-8)/(-6) - 12/(-18). Let x(t) = -210*t**f + 426*t**2 + 3 - 214*t**2. What is the units digit of x(-3)?
1
Suppose 4*k + 34 = -2*z, -2*z + 2 - 3 = k. Let j(n) = n**3 + 7*n**2 - 10*n + 21. Let b be j(k). Let w = b - -519. What is the units digit of w?
6
Let z = -6 + 10. Suppose 0 = 2*c - 0*c + z*x + 568, -283 = c + x. Let i = c - -418. What is the units digit of i?
6
Let f(a) = 2*a**2 + a + 1. Let z(g) = -g**3 + 3*g**2 + 10*g - 5. Let p(j) = -3*f(j) - z(j). What is the tens digit of p(13)?
0
Let f = -511 - -1660. What is the hundreds digit of f?
1
Let x(v) = 124*v + 81. Let h be ((-90)/(-25))/(-6)*1*-10. What is the tens digit of x(h)?
2
Let t(i) = 15*i**2 - 8*i - 9. Let a be t(-4). Let v = a + -112. Suppose h + 3*q - v = 0, 5*h - 2*q = -q + 787. What is the hundreds digit of h?
1
Let i = -7869 - -12973. What is the units digit of i?
4
Let a(o) = o**2 + 3*o - 18. Let r be a(11). Suppose -r - 146 = -3*u. What is the tens digit of u?
9
Let p be (-7)/476*-17 + 7/4. Let i = -4 - -7. Suppose v - 111 = -p*z + 175, 0 = -z - i*v + 153. What is the units digit of z?
1
Let f(x) = -2*x**3 + 7*x - 2. Let m(o) = -o**3 + 6*o - 2. Let g(p) = -3*f(p) + 4*m(p). Let w be 1/(12/36 - 4/(-6)). What is the units digit of g(w)?
3
Let z(y) be the first derivative of y**3/3 - 3*y**2/2 + 13*y - 14. Let g be z(3). Suppose -78 = -2*j + 4*r, -g = j + 2*r - 36. What is the tens digit of j?
3
Let y = 262 + -217. Suppose 50*n = y*n + 800. What is the hundreds digit of n?
1
Let c(n) be the first derivative of 1028*n**3/3 - 3*n**2/2 + n + 204. What is the thousands digit of c(1)?
1
Let v(w) = 1. Let i = -65 + 66. Let j(m) = -2*m - 6. Let f(c) = i*j(c) + 3*v(c). What is the tens digit of f(-9)?
1
Let m be ((-1099)/14)/(3/(-126)). Suppose m = -167*b + 174*b. What is the hundreds digit of b?
4
Suppose -6*d = -0*d - 20*d + 18060. What is the units digit of d?
0
Let n = -98 - -106. Suppose -n*p = 7*p - 255. What is the units digit of p?
7
Suppose 801*s - 804*s + 39627 = 0. What is the thousands digit of s?
3
Suppose 292*s + 638016 = 316*s. What is the thousands digit of s?
6
Suppose 133*p + 40 = 138*p. Suppose 0 = 11*h - p*h + 9. What is the tens digit of ((-6)/h - -64) + 3?
6
Let g